a factor of 800570?
False
Is 3387816 a multiple of 6?
True
Is 28350 a multiple of 75?
True
Is 6994713 a multiple of 585?
False
Is 103416 a multiple of 124?
True
Is 112 a factor of 28135?
False
Is 10 a factor of 539008?
False
Does 130 divide 594880?
True
Is 17 a factor of 109164?
False
Is 467700 a multiple of 9?
False
Does 176 divide 23056?
True
Is 184 a factor of 198695?
False
Is 72 a factor of 411051?
False
Is 603078 a multiple of 346?
True
Is 888140 a multiple of 22?
True
Is 16480 a multiple of 40?
True
Is 10 a factor of 3710?
True
Is 2535652 a multiple of 862?
False
Is 47 a factor of 14383?
False
Does 44 divide 170720?
True
Is 23160 a multiple of 24?
True
Does 35 divide 5761985?
False
Is 93 a factor of 2604279?
True
Does 171 divide 1080720?
True
Is 399922 a multiple of 138?
False
Is 1009638 a multiple of 21?
True
Is 292186 a multiple of 15?
False
Is 3012397 a multiple of 238?
False
Is 67077 a multiple of 27?
False
Does 2 divide 60001?
False
Is 2861443 a multiple of 914?
False
Is 7 a factor of 155228?
False
Is 2018342 a multiple of 30?
False
Is 1004 a factor of 1369887?
False
Is 10 a factor of 53930?
True
Is 16 a factor of 182928?
True
Is 79 a factor of 55458?
True
Is 613381 a multiple of 176?
False
Does 130 divide 85784?
False
Is 317540 a multiple of 50?
False
Is 19 a factor of 1698427?
False
Is 564528 a multiple of 24?
True
Is 182 a factor of 6760498?
False
Is 1044390 a multiple of 202?
False
Is 64 a factor of 439414?
False
Is 220563 a multiple of 347?
False
Does 64 divide 118720?
True
Is 4785092 a multiple of 26?
True
Is 658458 a multiple of 314?
True
Is 1545145 a multiple of 69?
False
Is 2618424 a multiple of 12?
True
Does 78 divide 486258?
False
Is 136 a factor of 348024?
True
Does 869 divide 7978289?
True
Is 4024482 a multiple of 281?
True
Does 12 divide 538536?
True
Does 5 divide 11724?
False
Is 3958065 a multiple of 29?
True
Is 35 a factor of 417064?
False
Is 4190182 a multiple of 115?
False
Does 18 divide 285646?
False
Is 6268308 a multiple of 13?
False
Is 6481015 a multiple of 27?
False
Is 228175 a multiple of 23?
False
Is 736710 a multiple of 26?
True
Does 10 divide 357760?
True
Is 4 a factor of 2017668?
True
Does 18 divide 512156?
False
Does 69 divide 363837?
True
Is 11883 a multiple of 3?
True
Is 229909 a multiple of 70?
False
Is 88 a factor of 439218?
False
Is 28 a factor of 156856?
True
Is 15 a factor of 12540?
True
Is 397 a factor of 173886?
True
Is 3 a factor of 147?
True
Does 153 divide 594015?
False
Is 804875 a multiple of 257?
False
Does 6 divide 44529?
False
Is 68 a factor of 2748016?
True
Does 46 divide 2002656?
True
Does 9 divide 1135117?
False
Does 363 divide 736527?
True
Is 90760 a multiple of 40?
True
Is 151 a factor of 1716417?
True
Is 1850706 a multiple of 429?
True
Does 17 divide 4896?
True
Is 34 a factor of 106488?
True
Is 53 a factor of 58193?
False
Is 1851888 a multiple of 164?
True
Is 105375 a multiple of 24?
False
Does 243 divide 434424?
False
Does 100 divide 112500?
True
Does 4 divide 227728?
True
Does 28 divide 91308?
True
Is 5 a factor of 732005?
True
Does 294 divide 198704?
False
Is 220402 a multiple of 173?
True
Is 95 a factor of 31091?
False
Does 174 divide 6270090?
True
Does 67 divide 99503?
False
Is 3 a factor of 12475?
False
Is 49 a factor of 40425?
True
Is 130 a factor of 3455530?
True
Is 41 a factor of 4472421?
False
Is 353336 a multiple of 8?
True
Is 24 a factor of 2165520?
True
Is 759498 a multiple of 13?
False
Does 324 divide 233472?
False
Does 133 divide 959462?
True
Is 9 a factor of 424809?
True
Is 25 a factor of 89186?
False
Does 57 divide 72577?
False
Does 9 divide 197922?
False
Does 11 divide 224730?
True
Is 6232125 a multiple of 8?
False
Does 88 divide 133936?
True
Does 214 divide 72118?
True
Is 3864948 a multiple of 12?
True
Is 4 a factor of 15690?
False
Is 29 a factor of 9889?
True
Is 456 a factor of 164110?
False
Does 178 divide 4336970?
True
Does 704 divide 6922432?
True
Is 9602 a multiple of 85?
False
Does 75 divide 3192450?
True
Is 802466 a multiple of 217?
True
Does 98 divide 23422?
True
Is 13 a factor of 318895?
False
Is 5235176 a multiple of 8?
True
Does 65 divide 2757950?
True
Does 50 divide 36377?
False
Does 7 divide 12847?
False
Is 1433327 a multiple of 7?
True
Is 1160168 a multiple of 169?
False
Is 285 a factor of 22800?
True
Is 86813 a multiple of 85?
False
Is 11 a factor of 764203?
True
Is 200120 even?
True
Is 9 a factor of 552995?
False
Is 3255048 a multiple of 853?
True
Is 10 a factor of 121910?
True
Is 43 a factor of 4957298?
True
Does 208 divide 7665461?
False
Does 155 divide 106852?
False
Is 341759 a multiple of 544?
False
Does 63 divide 112707?
True
Does 10 divide 2471170?
True
Does 357 divide 7141336?
False
Does 876 divide 13055675?
False
Is 5604703 a multiple of 138?
False
Does 46 divide 39198949?
False
Is 271 a factor of 8030272?
True
Does 252 divide 1034208?
True
Does 21 divide 729435?
True
Is 2765217 a multiple of 22?
False
Is 112455 a multiple of 27?
True
Is 10263298 a multiple of 550?
False
Does 11 divide 400147?
True
Does 16 divide 73696?
True
Is 147 a factor of 1321817?
False
Does 227 divide 5541070?
True
Is 8807558 a multiple of 491?
True
Is 61861 a multiple of 4?
False
Is 69 a factor of 341481?
True
Is 190 a factor of 22616840?
True
Does 10 divide 5308940?
True
Does 155 divide 2040253?
False
Does 225 divide 3199950?
True
Is 11 a factor of 2568511?
True
Is 203272 even?
True
Is 387 a factor of 3218095?
False
Is 36 a factor of 188260?
False
Is 198 a factor of 130624?
False
Is 70 a factor of 4292050?
True
Is 5412 a multiple of 246?
True
Is 22 a factor of 103532?
True
Is 25 a factor of 1049875?
True
Is 150880 a multiple of 205?
True
Does 371 divide 530451?
False
Is 6 a factor of 3104?
False
Is 4030992 a multiple of 56?
True
Is 246 a factor of 178405?
False
Is 5502161 a multiple of 16?
False
Does 94 divide 72756?
True
Is 5440458 a multiple of 11?
False
Is 2066 a factor of 9862044?
False
Is 288222 a multiple of 242?
True
Is 38 a factor of 347412?
False
Does 6 divide 1293745?
False
Is 1034402 a multiple of 26?
False
Does 109 divide 304110?
True
Does 16 divide 96640?
True
Is 559 a factor of 9723959?
False
Is 3790030 a multiple of 530?
True
Is 742 a factor of 873175?
False
Is 26 a factor of 187817?
False
Is 100 a factor of 214100?
True
Is 22 a factor of 2785640?
True
Is 5 a factor of 4310?
True
Is 8478750 a multiple of 175?
True
Is 69 a factor of 63894?
True
Does 52 divide 6938734?
False
Is 194 a factor of 805035?
False
Is 12 a factor of 1482139?
False
Is 10 a factor of 8898157?
False
Is 169901 a multiple of 39?
False
Is 229 a factor of 90684?
True
Does 56 divide 6060264?
True
Does 44 divide 649378?
False
Is 286844 a multiple of 43?
False
Is 380240 a multiple of 5?
True
Does 8 divide 872000?
True
Does 202 divide 2502063?
False
Is 192933 a multiple of 13?
True
Is 12 a factor of 150157?
False
Is 17 a factor of 95607?
False
Is 5321862 a multiple of 234?
True
Does 27 divide 65961?
True
Does 16 divide 3899936?
True
Is 32190488 a multiple of 94?
True
Is 189435 a multiple of 365?
True
Is 320036 a multiple of 94?
False
Is 117696 a multiple of 12?
True
Is 8 a factor of 112141?
False
Is 853540 a multiple of 19?
False
Is 270 a factor of 1044360?
True
Is 3306814 a multiple of 287?
True
Is 49 a factor of 433356?
True
Is 10 a factor of 1603229?
False
Is 365 a factor of 724160?
True
Is 15 a factor of 500797?
False
Does 381 divide 629412?
True
Is 3344770 a multiple of 130?
True
Is 3802432 a multiple of 236?
True
Is 27 a factor of 2388628?
False
Is 1608312 a multiple of 57?
True
Is 99351 a multiple of 19?
True
Does 535 divide 3242780?
False
Does 20 divide 5972683?
False
Is 189820 a multiple of 10?
True
Is 31574826 a multiple of 18?
True
Is 896251 a multiple of 53?
False
Does 15 divide 112290?
True
Does 4 divide 8032316?
True
Does 13 divide 32851?
True
Is 24309635 a multiple of 86?
False
Is 31 a factor of 70699?
False
Is 60 a factor of 3494760?
True
Is 26 a factor of 67184?
True
Does 158 divide 26860?
True
Does 23 divide 1528281?
True
Is 3 a factor of 925?
False
Is 112 a factor of 118832?
True
Is 4195400 a multiple of 275?
True
Does 13 divide 2479760?
False
Is 213915 a multiple of 21?
False
Is 20 a factor of 440015?
False
Does 80 divide 413838?
False
Is 1016820 a multiple of 13?
